 of 1082925 and 19800.
225
What is the highest common factor of 5424 and 138032?
16
Calculate the highest common divisor of 11960 and 2147509.
13
What is the highest common factor of 22968 and 225997?
29
What is the highest common factor of 286 and 16918088?
22
What is the greatest common divisor of 230708 and 832138?
274
What is the greatest common divisor of 71861062 and 54418?
4186
What is the highest common factor of 190 and 22845638?
38
What is the highest common divisor of 3717 and 2679544?
413
Calculate the highest common divisor of 2368561 and 210563.
1091
What is the highest common factor of 5180 and 785582?
14
What is the highest common factor of 8 and 7667784?
8
What is the highest common divisor of 18206862 and 202654?
10666
Calculate the highest common factor of 3480 and 10703175.
435
Calculate the highest common divisor of 171 and 200296917.
171
What is the greatest common divisor of 18278 and 7956554?
1406
Calculate the highest common factor of 260072813 and 11.
11
Calculate the highest common divisor of 193480 and 28456.
8
Calculate the highest common divisor of 673384 and 490667.
2053
Calculate the highest common divisor of 42948 and 76752.
36
What is the highest common factor of 489038 and 704?
22
What is the greatest common divisor of 83932772 and 1232?
308
What is the highest common factor of 8512 and 48385856?
1216
Calculate the highest common factor of 23994820 and 5440.
340
What is the highest common divisor of 2362243851 and 181?
181
Calculate the greatest common factor of 1100204 and 6412.
28
Calculate the greatest common divisor of 4 and 5756738.
2
Calculate the greatest common divisor of 1382598844 and 4568.
2284
Calculate the highest common divisor of 39693 and 278457.
303
Calculate the greatest common divisor of 920 and 1470481310.
230
What is the highest common factor of 2070 and 416320470?
2070
What is the greatest common factor of 766 and 5565756?
766
Calculate the greatest common factor of 25212927 and 23022.
3837
Calculate the highest common factor of 2816 and 1249248.
352
Calculate the highest common factor of 101469552 and 16.
16
What is the greatest common factor of 136987104 and 36?
12
What is the greatest common factor of 181200 and 2326200?
600
What is the highest common divisor of 5482419 and 638277?
4227
Calculate the greatest common factor of 2448 and 544884.
204
Calculate the highest common factor of 558 and 9217323.
279
What is the greatest common divisor of 3076640 and 615?
205
What is the highest common factor of 442 and 36942906?
26
Calculate the highest common divisor of 412298067 and 222.
111
Calculate the highest common divisor of 4718986 and 869.
79
What is the highest common divisor of 44 and 26309052?
44
Calculate the highest common factor of 4144222 and 148.
74
What is the highest common divisor of 93 and 27181823?
31
Calculate the highest common divisor of 144699126 and 66.
66
Calculate the highest common divisor of 13160 and 292481.
329
What is the highest common factor of 961844 and 8692?
212
Calculate the highest common factor of 219930 and 39870.
30
What is the greatest common divisor of 24363430 and 390?
130
What is the greatest common divisor of 31800 and 672600?
600
Calculate the highest common factor of 1791231 and 64389.
507
Calculate the greatest common factor of 12208 and 61893034.
1526
Calculate the greatest common factor of 125334 and 746658.
594
What is the highest common factor of 3064 and 154079368?
3064
Calculate the highest common factor of 762 and 34830.
6
What is the greatest common factor of 96 and 112845936?
48
Calculate the highest common divisor of 416250 and 424250.
250
What is the highest common factor of 220880 and 490160?
880
What is the highest common divisor of 148484130 and 1230?
30
What is the greatest common divisor of 14 and 4614326?
2
Calculate the greatest common divisor of 321366 and 6726.
114
Calculate the greatest common divisor of 435966 and 3.
3
Calculate the greatest common divisor of 12 and 186310482.
6
What is the greatest common divisor of 911502 and 42423?
237
What is the highest common divisor of 280302 and 449086?
3014
Calculate the greatest common divisor of 3068525612 and 4408.
2204
What is the greatest common divisor of 10274 and 117722?
22
What is the greatest common factor of 10619676 and 396?
36
What is the highest common divisor of 65 and 4861753?
13
Calculate the greatest common factor of 18392022 and 1782.
1782
What is the greatest common factor of 503127084 and 36?
12
Calculate the greatest common factor of 8339856 and 84.
84
What is the greatest common factor of 2430 and 32179923?
81
What is the highest common factor of 15943 and 959113?
149
Calculate the highest common factor of 59624 and 704694.
514
Calculate the highest common divisor of 27807 and 67280106.
2139
Calculate the greatest common divisor of 1120216 and 5704.
248
What is the highest common factor of 9681398 and 136?
34
Calculate the highest common factor of 15 and 5831895.
15
Calculate the highest common divisor of 62065958 and 4926.
1642
What is the greatest common divisor of 8217 and 26207001?
747
What is the highest common factor of 64 and 6023536?
16
What is the highest common factor of 2513 and 15834413?
2513
Calculate the greatest common divisor of 4491 and 184630.
499
Calculate the greatest common divisor of 5317 and 73762.
13
Calculate the greatest common factor of 45330432 and 85.
17
Calculate the highest common divisor of 700 and 1575532.
28
Calculate the highest common factor of 533656 and 305876.
6508
Calculate the highest common factor of 160 and 15304.
8
Calculate the highest common divisor of 1035 and 2719773.
207
Calculate the greatest common divisor of 16633981 and 182.
91
Calculate the greatest common divisor of 17688 and 402072.
264
Calculate the greatest common divisor of 11089800 and 2050.
50
Calculate the highest common divisor of 115 and 76686715.
115
Calculate the greatest common factor of 76254308 and 128908.
3484
Calculate the highest common divisor of 63302998 and 8294.
638
What is the highest common divisor of 299725 and 922925?
475
Calculate the highest common divisor of 266 and 18151.
7
Calculate the greatest common factor of 52384579 and 1651.
1651
What is the highest common divisor of 488565 and 21254310?
3465
Calculate the highest common divisor of 137556258 and 27258.
2478
Calculate the greatest common divisor of 4 and 18017908.
4
What is the greatest common divisor of 1170712 and 1616744?
488
What is the highest common divisor of 78657259 and 2902?
1451
Calculate the highest common divisor of 736 and 408963.
23
Calculate the highest common divisor of 2614191 and 54321.
57
What is the greatest common divisor of 17906214 and 1816?
454
Calculate the highest common factor of 3479 and 438070.
71
Calculate the greatest common divisor of 60812 and 232438.
46
What is the greatest common divisor of 90115254 and 3078?
162
Calculate the greatest common divisor of 434 and 8178513.
217
Calculate the greatest common factor of 11072040 and 5320.
280
Calculate the highest common factor of 285 and 8357777.
19
Calculate the greatest common divisor of 170 and 2821670.
10
What is the highest common divisor of 1909050 and 6435?
2145
Calculate the greatest common factor of 1694357 and 367661.
371
What is the greatest common divisor of 832 and 1923424?
32
Calculate the highest common factor of 1548546 and 1464.
366
Calculate the greatest common factor of 2286099 and 5510.
551
What is the highest common factor of 1089676 and 1120?
28
What is the highest common factor of 32837 and 4984?
7
What is the greatest common factor of 760242 and 39606?
966
What is the highest common divisor of 1602 and 469475?
89
What is the highest common divisor of 61 and 78565377?
61
Calculate the highest common divisor of 17 and 59545084.
17
What is the greatest common factor of 158096297 and 17437?
2491
What is the highest common factor of 37398606 and 147?
21
Calculate the greatest common divisor of 699 and 913205055.
699
Calculate the highest common factor of 23646039 and 33.
3
Calculate the greatest common factor of 2741553 and 1485.
27
What is the greatest common divisor of 94376556 and 9?
9
What is the greatest common factor of 4897508 and 35?
7
What is the greatest c